{"id":31473,"date":"2025-09-19T10:23:23","date_gmt":"2025-09-19T10:23:23","guid":{"rendered":"https:\/\/www.krkgida.com\/?post_type=product&#038;p=31473"},"modified":"2025-09-19T10:23:23","modified_gmt":"2025-09-19T10:23:23","slug":"krk-gida-altin-otu-olmez-cicek-yagi","status":"publish","type":"product","link":"https:\/\/www.krkgida.com\/?product=krk-gida-altin-otu-olmez-cicek-yagi","title":{"rendered":"KRK GIDA ALTIN OTU (\u00d6LMEZ \u00c7\u0130\u00c7EK) YA\u011eI"},"content":{"rendered":"<p><strong>KRK GIDA ALTIN OTU (\u00d6LMEZ \u00c7\u0130\u00c7EK) YA\u011eI<\/strong><\/p>\n<p><strong>\u0130\u00e7indekiler:<\/strong> Alt\u0131notunun \u00e7i\u00e7e\u011finin zeytin ya\u011f\u0131nda maserasyonu ve so\u011fuk s\u0131k\u0131m\u0131<br \/>\n<strong>\u00dcretim \u015fekli:<\/strong> Maserasyon &amp; So\u011fuk s\u0131k\u0131m \/ Maceration &amp; Cold pressed<\/p>\n<p><strong>Not:<\/strong> Eser miktarda yemeklik bitkisel ya\u011f i\u00e7erebilir.<\/p>\n<p><strong>Kullan\u0131m Bilgisi:<\/strong><br \/>\nG\u0131da olarak kullan\u0131ma uygundur.<br \/>\nKozmetik ama\u00e7l\u0131 kullan\u0131ma uygundur.<\/p>\n<p><strong>Uyar\u0131lar:<\/strong><br \/>\nBu \u00fcr\u00fcn ila\u00e7 de\u011fildir.<br \/>\nSerin bir yerde, \u015fi\u015fe a\u011fz\u0131 kapal\u0131 olarak muhafaza ediniz.<br \/>\n\u00c7ocuklar\u0131n ula\u015famayaca\u011f\u0131 yerlerde saklay\u0131n\u0131z.<br \/>\nEmniyet etiketi y\u0131rt\u0131lm\u0131\u015f ve a\u00e7\u0131lm\u0131\u015f \u00fcr\u00fcnleri sat\u0131n almay\u0131n\u0131z.<\/p>\n<p><strong>English Instructions:<\/strong><br \/>\nThis product is not medicine.<br \/>\nSealed bottle in a cool place to keep away.<br \/>\nKeep away from children.<br \/>\nDo not buy bottles were opened.<\/p>\n<p><strong>Men\u015fei:<\/strong> T\u00fcrkiye<br \/>\n<strong>YERL\u0130 \u00dcRET\u0130M<\/strong><\/p>\n","protected":false},"excerpt":{"rendered":"<p><strong>KRK GIDA ALTIN OTU (\u00d6LMEZ \u00c7\u0130\u00c7EK) YA\u011eI<\/strong><\/p>\n","protected":false},"featured_media":0,"comment_status":"open","ping_status":"closed","template":"","meta":[],"product_brand":[],"product_cat":[339,256,263],"product_tag":[],"class_list":{"0":"post-31473","1":"product","2":"type-product","3":"status-publish","5":"product_cat-yaglar","6":"product_cat-bitkisel-yaglar","7":"product_cat-1kg-yag","9":"first","10":"instock","11":"shipping-taxable","12":"product-type-simple"},"_links":{"self":[{"href":"https:\/\/www.krkgida.com\/index.php?rest_route=\/wp\/v2\/product\/31473","targetHints":{"allow":["GET"]}}],"collection":[{"href":"https:\/\/www.krkgida.com\/index.php?rest_route=\/wp\/v2\/product"}],"about":[{"href":"https:\/\/www.krkgida.com\/index.php?rest_route=\/wp\/v2\/types\/product"}],"replies":[{"embeddable":true,"href":"https:\/\/www.krkgida.com\/index.php?rest_route=%2Fwp%2Fv2%2Fcomments&post=31473"}],"version-history":[{"count":1,"href":"https:\/\/www.krkgida.com\/index.php?rest_route=\/wp\/v2\/product\/31473\/revisions"}],"predecessor-version":[{"id":31501,"href":"https:\/\/www.krkgida.com\/index.php?rest_route=\/wp\/v2\/product\/31473\/revisions\/31501"}],"wp:attachment":[{"href":"https:\/\/www.krkgida.com\/index.php?rest_route=%2Fwp%2Fv2%2Fmedia&parent=31473"}],"wp:term":[{"taxonomy":"product_brand","embeddable":true,"href":"https:\/\/www.krkgida.com\/index.php?rest_route=%2Fwp%2Fv2%2Fproduct_brand&post=31473"},{"taxonomy":"product_cat","embeddable":true,"href":"https:\/\/www.krkgida.com\/index.php?rest_route=%2Fwp%2Fv2%2Fproduct_cat&post=31473"},{"taxonomy":"product_tag","embeddable":true,"href":"https:\/\/www.krkgida.com\/index.php?rest_route=%2Fwp%2Fv2%2Fproduct_tag&post=31473"}],"curies":[{"name":"wp","href":"https:\/\/api.w.org\/{rel}","templated":true}]}}