{"id":31275,"date":"2025-09-19T08:43:59","date_gmt":"2025-09-19T08:43:59","guid":{"rendered":"https:\/\/www.krkgida.com\/?post_type=product&#038;p=31275"},"modified":"2025-09-19T08:43:59","modified_gmt":"2025-09-19T08:43:59","slug":"krk-gida-mandalina-aromasi","status":"publish","type":"product","link":"https:\/\/www.krkgida.com\/?product=krk-gida-mandalina-aromasi","title":{"rendered":"KRK GIDA MANDAL\u0130NA AROMASI"},"content":{"rendered":"<p><strong>KRK GIDA MANDAL\u0130NA AROMASI<\/strong><\/p>\n<p><strong>\u0130\u00e7indekiler:<\/strong> Mandalina aroma vericisi<\/p>\n<p><strong>KULLANIM B\u0130LG\u0130S\u0130:<\/strong><\/p>\n<p>Aroma direkt olarak i\u00e7ilmemelidir.<\/p>\n<p>Kullan\u0131m miktar\u0131 kullan\u0131lacak \u00fcr\u00fcne g\u00f6re de\u011fi\u015fir.<\/p>\n<p>Yanl\u0131\u015fl\u0131kla yutulursa, a\u011f\u0131z suyla \u00e7alkalanmal\u0131 ve t\u0131bbi tavsiye al\u0131nmal\u0131d\u0131r.<\/p>\n<p>G\u00f6ze s\u0131\u00e7ramas\u0131 halinde en az 10 dakika bol suyla g\u00f6z y\u0131kanmal\u0131 ve t\u0131bbi tavsiye al\u0131nmal\u0131d\u0131r.<\/p>\n<p><strong>Kullan\u0131m yeri: <\/strong>\u0130\u00e7ecekler, \u015fekerlemeler ve pastane \u00fcr\u00fcnleri<\/p>\n<p><strong>Uyar\u0131lar:<\/strong><\/p>\n<p>Bu \u00fcr\u00fcn ila\u00e7 de\u011fildir.<\/p>\n<p>Serin bir yerde, \u015fi\u015fe a\u011fz\u0131 kapal\u0131 olarak muhafaza ediniz.<\/p>\n<p>G\u00fcne\u015f \u0131\u015f\u0131\u011f\u0131ndan koruyunuz.<\/p>\n<p>\u00c7ocuklar\u0131n ula\u015famayaca\u011f\u0131 yerlerde saklay\u0131n\u0131z.<\/p>\n<p>Emniyet etiketi y\u0131rt\u0131lm\u0131\u015f ve a\u00e7\u0131lm\u0131\u015f \u00fcr\u00fcnleri sat\u0131n almay\u0131n\u0131z.<\/p>\n<p><strong>English Instructions:<\/strong><\/p>\n<p>This product is not medicine.<\/p>\n<p>Sealed bottle in a cool place to keep away.<\/p>\n<p>Protect from sunlight.<\/p>\n<p>Keep away from children.<\/p>\n<p>Do not buy bottles that were opened.<\/p>\n<p><strong>Men\u015fei:<\/strong> T\u00fcrkiye<\/p>\n<p><strong>YERL\u0130 \u00dcRET\u0130M<\/strong><\/p>\n","protected":false},"excerpt":{"rendered":"<p><strong>KRK GIDA MANDAL\u0130NA AROMASI<\/strong><\/p>\n","protected":false},"featured_media":31278,"comment_status":"open","ping_status":"closed","template":"","meta":[],"product_brand":[],"product_cat":[255,266],"product_tag":[],"class_list":{"0":"post-31275","1":"product","2":"type-product","3":"status-publish","4":"has-post-thumbnail","6":"product_cat-aromalar","7":"product_cat-1kg-aroma","9":"first","10":"instock","11":"shipping-taxable","12":"product-type-simple"},"_links":{"self":[{"href":"https:\/\/www.krkgida.com\/index.php?rest_route=\/wp\/v2\/product\/31275","targetHints":{"allow":["GET"]}}],"collection":[{"href":"https:\/\/www.krkgida.com\/index.php?rest_route=\/wp\/v2\/product"}],"about":[{"href":"https:\/\/www.krkgida.com\/index.php?rest_route=\/wp\/v2\/types\/product"}],"replies":[{"embeddable":true,"href":"https:\/\/www.krkgida.com\/index.php?rest_route=%2Fwp%2Fv2%2Fcomments&post=31275"}],"version-history":[{"count":1,"href":"https:\/\/www.krkgida.com\/index.php?rest_route=\/wp\/v2\/product\/31275\/revisions"}],"predecessor-version":[{"id":31281,"href":"https:\/\/www.krkgida.com\/index.php?rest_route=\/wp\/v2\/product\/31275\/revisions\/31281"}],"wp:featuredmedia":[{"embeddable":true,"href":"https:\/\/www.krkgida.com\/index.php?rest_route=\/wp\/v2\/media\/31278"}],"wp:attachment":[{"href":"https:\/\/www.krkgida.com\/index.php?rest_route=%2Fwp%2Fv2%2Fmedia&parent=31275"}],"wp:term":[{"taxonomy":"product_brand","embeddable":true,"href":"https:\/\/www.krkgida.com\/index.php?rest_route=%2Fwp%2Fv2%2Fproduct_brand&post=31275"},{"taxonomy":"product_cat","embeddable":true,"href":"https:\/\/www.krkgida.com\/index.php?rest_route=%2Fwp%2Fv2%2Fproduct_cat&post=31275"},{"taxonomy":"product_tag","embeddable":true,"href":"https:\/\/www.krkgida.com\/index.php?rest_route=%2Fwp%2Fv2%2Fproduct_tag&post=31275"}],"curies":[{"name":"wp","href":"https:\/\/api.w.org\/{rel}","templated":true}]}}