{"id":30673,"date":"2025-08-22T07:20:00","date_gmt":"2025-08-22T07:20:00","guid":{"rendered":"https:\/\/www.krkgida.com\/?post_type=product&#038;p=30673"},"modified":"2025-08-22T07:45:56","modified_gmt":"2025-08-22T07:45:56","slug":"krk-gida-narsis-macunu","status":"publish","type":"product","link":"https:\/\/www.krkgida.com\/?product=krk-gida-narsis-macunu","title":{"rendered":"KRK GIDA NARS\u0130S MACUNU"},"content":{"rendered":"\t\t<div data-elementor-type=\"product-post\" data-elementor-id=\"30673\" class=\"elementor elementor-30673\" data-elementor-post-type=\"product\">\n\t\t\t\t<div class=\"wd-negative-gap elementor-element elementor-element-5b5aea42 e-flex e-con-boxed e-con e-parent\" data-id=\"5b5aea42\" data-element_type=\"container\">\n\t\t\t\t\t<div class=\"e-con-inner\">\n\t\t\t\t<div class=\"elementor-element elementor-element-2ebe93f6 color-scheme-inherit text-left elementor-widget elementor-widget-text-editor\" data-id=\"2ebe93f6\" data-element_type=\"widget\" data-widget_type=\"text-editor.default\">\n\t\t\t\t<div class=\"elementor-widget-container\">\n\t\t\t\t\t\t\t\t\t<p><strong>KRK GIDA NARS\u0130S MACUNU<\/strong><\/p><p><strong>\u0130\u00e7indekiler:<\/strong><br \/>\u00c7am Bal\u0131 (%10), Biberiye (Rosmarinus Officinalis), Karanfil (Eugenia Caryophyllata), Tar\u00e7\u0131n (Cinnamomum Sp.), Meyan K\u00f6k\u00fc (Glycyrrhiza Glabra), Susam (Sesamum orientale), Vanilya (Vanilla Fragrans Ames), Ada\u00e7ay\u0131 (Salvia Triloba, S. Grandiflora), Kimyon (Cuminum Cyminum), Kakule (Elettaria Cardamomum), And\u0131z Rizomu (Inula Helenium Rizome), Ku\u015fburnu (Rosa Canina), Havl\u0131can (Alpinia Officinarum), Ki\u015fni\u015f (Coriandrum Sativum), \u00c7\u00f6rekotu (Nigella Sativa), Anason (Pimpinella Anisum), Zencefil (Zingiber Officinale), Mahlep (Prunus Mahaleb L.), Karabiber (Piper Nigrum), Rezene (Foeniculum Vulgare), \u00c7ak\u015f\u0131rotu K\u00f6k\u00fc (Ferula El\u00e6ochytris), Is\u0131rgan Tohumu (Urtica Sp.), Kereviz Tohumu (Apium Graveolens), Civan Per\u00e7emi \u00c7i\u00e7e\u011fi (Achillea Millefolium), Yenibahar (Pimenta Officinalis), Ak G\u00fcnl\u00fck (Boswellia Carterii), Havu\u00e7 Tohumu (Daucus Carota), Turp Tohumu (Raphanus Sativus), Lahana Tohumu (Brassica Oleracea), P\u0131rasa Tohumu (Allium Porrum), Zahter (Thymbra Spicata L.), Portakal U\u00e7ucu Ya\u011f\u0131, \u00dcz\u00fcm Pekmezi, \u015eeker, Glikoz \u015eurubu, Su, Sodyum Benzoat E 211, Sitrik Asit E 330.<\/p><p><strong>Kullan\u0131m: \u00a0\u00a0\u00a0\u00a0\u00a0 <\/strong><br \/><strong>1.<\/strong> Direkt olarak yenebilir<br \/><strong>2.<\/strong>Ekmek \u00fczerine s\u00fcr\u00fclerek t\u00fcketilebilir.<br \/><strong>3.<\/strong>So\u011fuk veya s\u0131cak suya ka\u015f\u0131kla kar\u0131\u015ft\u0131r\u0131larak, so\u011fuk ve s\u0131cak \u00e7ay gibi t\u00fcketilebilir.<\/p><p><strong>Muhafaza Ko\u015fullar\u0131:<\/strong><br \/>Serin, kuru ve \u0131\u015f\u0131ktan uzak ortamda a\u011fz\u0131 kapal\u0131 olarak muhafaza ediniz.<\/p><p><strong>Enerji ve Besin \u00d6\u011feleri (100g i\u00e7in):<\/strong><br \/>Enerji (Energy Value): 326 kcal\/100g<br \/>Ya\u011f (Fat Content): %1,18<br \/>Doymu\u015f Ya\u011f (Saturated Fatty Acids): 0,19 g\/100g<br \/>Doymam\u0131\u015f Ya\u011f (Unsaturated Fatty Acids): 0,99 g\/100g<br \/>Tekli Doymam\u0131\u015f Ya\u011f (Monounsaturated Fatty Acids): 0,49 g\/100g<br \/>\u00c7oklu Doymam\u0131\u015f Ya\u011f (Polyunsaturated Fatty Acids): 0,50 g\/100g<br \/>Trans Ya\u011f Asitleri (Trans Fatty Acids): 0 g\/100g<br \/>Karbonhidrat (Carbohydrates): 75,55 g\/100g<br \/>Toplam \u015eeker (Total Sugars as Saccharose): 45,56 g\/100g<br \/>Diyet Lifi (Dietary Fiber): 1,50 g\/100g<br \/>Protein: 2,46 g\/100g<br \/>Tuz (Salt Content): 0 g\/100g<\/p><p><strong>Alerjen Bilgisi:<\/strong><br \/>Susam, Kereviz Tohumu i\u00e7erir.<br \/>F\u0131nd\u0131k, Kabuklu Yemi\u015fler, Gluten \u0130\u00e7eren Tah\u0131llar, Ac\u0131bakla, Hardal \u00fcretilen hatta \u00fcretilmi\u015ftir.<br \/>Bu \u00fcr\u00fcnlerden eser miktarda i\u00e7erebilir.<\/p><p><strong>Men\u015fei:<\/strong> T\u00fcrkiye<br \/><strong>Net Miktar:<\/strong> 400 g<br \/><strong>Yerli \u00dcretim<\/strong><\/p>\t\t\t\t\t\t\t\t<\/div>\n\t\t\t\t<\/div>\n\t\t\t\t\t<\/div>\n\t\t\t\t<\/div>\n\t\t\t\t<\/div>\n\t\t","protected":false},"excerpt":{"rendered":"<p>KRK GIDA NARS\u0130S MACUNU<\/p>\n","protected":false},"featured_media":30674,"comment_status":"open","ping_status":"closed","template":"","meta":[],"product_brand":[],"product_cat":[253],"product_tag":[],"class_list":{"0":"post-30673","1":"product","2":"type-product","3":"status-publish","4":"has-post-thumbnail","6":"product_cat-macunlar","8":"first","9":"instock","10":"shipping-taxable","11":"product-type-simple"},"_links":{"self":[{"href":"https:\/\/www.krkgida.com\/index.php?rest_route=\/wp\/v2\/product\/30673","targetHints":{"allow":["GET"]}}],"collection":[{"href":"https:\/\/www.krkgida.com\/index.php?rest_route=\/wp\/v2\/product"}],"about":[{"href":"https:\/\/www.krkgida.com\/index.php?rest_route=\/wp\/v2\/types\/product"}],"replies":[{"embeddable":true,"href":"https:\/\/www.krkgida.com\/index.php?rest_route=%2Fwp%2Fv2%2Fcomments&post=30673"}],"version-history":[{"count":8,"href":"https:\/\/www.krkgida.com\/index.php?rest_route=\/wp\/v2\/product\/30673\/revisions"}],"predecessor-version":[{"id":31963,"href":"https:\/\/www.krkgida.com\/index.php?rest_route=\/wp\/v2\/product\/30673\/revisions\/31963"}],"wp:featuredmedia":[{"embeddable":true,"href":"https:\/\/www.krkgida.com\/index.php?rest_route=\/wp\/v2\/media\/30674"}],"wp:attachment":[{"href":"https:\/\/www.krkgida.com\/index.php?rest_route=%2Fwp%2Fv2%2Fmedia&parent=30673"}],"wp:term":[{"taxonomy":"product_brand","embeddable":true,"href":"https:\/\/www.krkgida.com\/index.php?rest_route=%2Fwp%2Fv2%2Fproduct_brand&post=30673"},{"taxonomy":"product_cat","embeddable":true,"href":"https:\/\/www.krkgida.com\/index.php?rest_route=%2Fwp%2Fv2%2Fproduct_cat&post=30673"},{"taxonomy":"product_tag","embeddable":true,"href":"https:\/\/www.krkgida.com\/index.php?rest_route=%2Fwp%2Fv2%2Fproduct_tag&post=30673"}],"curies":[{"name":"wp","href":"https:\/\/api.w.org\/{rel}","templated":true}]}}