{"id":28490,"date":"2025-05-02T13:30:28","date_gmt":"2025-05-02T13:30:28","guid":{"rendered":"https:\/\/www.krkgida.com\/?post_type=product&#038;p=28490"},"modified":"2025-05-02T13:33:31","modified_gmt":"2025-05-02T13:33:31","slug":"krk-gida-safran-1adet-1-gram","status":"publish","type":"product","link":"https:\/\/www.krkgida.com\/?product=krk-gida-safran-1adet-1-gram","title":{"rendered":"KRK GIDA SAFRAN (1Adet = 1 Gram)"},"content":{"rendered":"\t\t<div data-elementor-type=\"product-post\" data-elementor-id=\"28490\" class=\"elementor elementor-28490\" data-elementor-post-type=\"product\">\n\t\t\t\t<div class=\"wd-negative-gap elementor-element elementor-element-7566b471 e-flex e-con-boxed e-con e-parent\" data-id=\"7566b471\" data-element_type=\"container\">\n\t\t\t\t\t<div class=\"e-con-inner\">\n\t\t\t\t<div class=\"elementor-element elementor-element-43e3a70a color-scheme-inherit text-left elementor-widget elementor-widget-text-editor\" data-id=\"43e3a70a\" data-element_type=\"widget\" data-widget_type=\"text-editor.default\">\n\t\t\t\t<div class=\"elementor-widget-container\">\n\t\t\t\t\t\t\t\t\t<h4>KRK GIDA SAFRAN (1Adet = 1 gram)<\/h4><p><strong>\u0130\u00e7indekiler:<\/strong> Safran Stigma<\/p><p><strong>\u0130ngilizce ismi:<\/strong> Saffron, stigma<\/p><p><strong>Latince ismi:<\/strong> Crocus sativus<\/p><p><strong>Muhafaza \u015eartlar\u0131:<\/strong> G\u00fcne\u015f \u0131\u015f\u0131\u011f\u0131ndan ve nemden koruyarak saklay\u0131n\u0131z.<\/p><p><strong>\u0130\u015fletme Kay\u0131t No:<\/strong> TR-34-K-014949<\/p><p><strong>Men\u015fei:<\/strong> \u0130ran<\/p><p><strong>\u0130MALAT\u00c7I F\u0130RMA:<\/strong><br \/>KARAKA\u015e BOYA BAHARAT K\u0130MYEV\u0130 MADDELER SAN. ve T\u0130C. LTD. \u015eT\u0130.<br \/>Battalgazi Mh. \u015eark Cd. Aytop G\u0131da Sitesi E Blok No: 28 Sultanbeyli \/ \u0130STANBUL<\/p><p><strong>TAVS\u0130YE ED\u0130LEN T\u00dcKET\u0130M TAR\u0130H\u0130:<\/strong> 12 \/ 2035<br \/><strong>Net Miktar:<\/strong> 1 g<\/p>\t\t\t\t\t\t\t\t<\/div>\n\t\t\t\t<\/div>\n\t\t\t\t\t<\/div>\n\t\t\t\t<\/div>\n\t\t\t\t<\/div>\n\t\t","protected":false},"excerpt":{"rendered":"<p>KRK GIDA SAFRAN (1Adet = 1 gram) \u0130\u00e7indekiler: Safran Stigma \u0130ngilizce ismi: Saffron, stigma Latince ismi: Crocus sativus Muhafaza \u015eartlar\u0131:<\/p>\n","protected":false},"featured_media":28491,"comment_status":"open","ping_status":"closed","template":"","meta":[],"product_brand":[],"product_cat":[271],"product_tag":[],"class_list":{"0":"post-28490","1":"product","2":"type-product","3":"status-publish","4":"has-post-thumbnail","6":"product_cat-kat-baharatlar","8":"first","9":"instock","10":"shipping-taxable","11":"product-type-simple"},"_links":{"self":[{"href":"https:\/\/www.krkgida.com\/index.php?rest_route=\/wp\/v2\/product\/28490","targetHints":{"allow":["GET"]}}],"collection":[{"href":"https:\/\/www.krkgida.com\/index.php?rest_route=\/wp\/v2\/product"}],"about":[{"href":"https:\/\/www.krkgida.com\/index.php?rest_route=\/wp\/v2\/types\/product"}],"replies":[{"embeddable":true,"href":"https:\/\/www.krkgida.com\/index.php?rest_route=%2Fwp%2Fv2%2Fcomments&post=28490"}],"version-history":[{"count":4,"href":"https:\/\/www.krkgida.com\/index.php?rest_route=\/wp\/v2\/product\/28490\/revisions"}],"predecessor-version":[{"id":28500,"href":"https:\/\/www.krkgida.com\/index.php?rest_route=\/wp\/v2\/product\/28490\/revisions\/28500"}],"wp:featuredmedia":[{"embeddable":true,"href":"https:\/\/www.krkgida.com\/index.php?rest_route=\/wp\/v2\/media\/28491"}],"wp:attachment":[{"href":"https:\/\/www.krkgida.com\/index.php?rest_route=%2Fwp%2Fv2%2Fmedia&parent=28490"}],"wp:term":[{"taxonomy":"product_brand","embeddable":true,"href":"https:\/\/www.krkgida.com\/index.php?rest_route=%2Fwp%2Fv2%2Fproduct_brand&post=28490"},{"taxonomy":"product_cat","embeddable":true,"href":"https:\/\/www.krkgida.com\/index.php?rest_route=%2Fwp%2Fv2%2Fproduct_cat&post=28490"},{"taxonomy":"product_tag","embeddable":true,"href":"https:\/\/www.krkgida.com\/index.php?rest_route=%2Fwp%2Fv2%2Fproduct_tag&post=28490"}],"curies":[{"name":"wp","href":"https:\/\/api.w.org\/{rel}","templated":true}]}}