{"id":27945,"date":"2025-03-21T10:25:56","date_gmt":"2025-03-21T10:25:56","guid":{"rendered":"https:\/\/www.krkgida.com\/?post_type=product&#038;p=27945"},"modified":"2025-03-21T10:31:51","modified_gmt":"2025-03-21T10:31:51","slug":"niyazi-gunasti-manisa-mesir-macunu","status":"publish","type":"product","link":"https:\/\/www.krkgida.com\/?product=niyazi-gunasti-manisa-mesir-macunu","title":{"rendered":"N\u0130YAZ\u0130 G\u00dcNA\u015eTI MAN\u0130SA MES\u0130R MACUNU"},"content":{"rendered":"\t\t<div data-elementor-type=\"product-post\" data-elementor-id=\"27945\" class=\"elementor elementor-27945\" data-elementor-post-type=\"product\">\n\t\t\t\t<div class=\"wd-negative-gap elementor-element elementor-element-58ff9026 e-flex e-con-boxed e-con e-parent\" data-id=\"58ff9026\" data-element_type=\"container\">\n\t\t\t\t\t<div class=\"e-con-inner\">\n\t\t\t\t<div class=\"elementor-element elementor-element-5367e85d color-scheme-inherit text-left elementor-widget elementor-widget-text-editor\" data-id=\"5367e85d\" data-element_type=\"widget\" data-widget_type=\"text-editor.default\">\n\t\t\t\t<div class=\"elementor-widget-container\">\n\t\t\t\t\t\t\t\t\t<p>\u0130\u00e7indekiler: \u00c7am bal\u0131 (% 10), karanfil, tar\u00e7\u0131n, may\u0131s papatyas\u0131, atkuyru\u011fu, besbase, funda, \u015ferbet\u00e7iotu, kitre, o\u011ful otu, ball\u0131 baba, ard\u0131\u00e7 tohumu, servi kozala\u011f\u0131, s\u00f6\u011f\u00fct kabu\u011fu, damla sak\u0131z\u0131, \u00e7oban \u00e7\u00f6kerten, k\u0131nak\u0131na, biberiye, vanilya, ada \u00e7ay\u0131, kimyon, andiz rizomu, ku\u015fburnu, havlican, ki\u015fni\u015f, \u00e7\u00f6rekotu, anason, zencefil, rezene, \u00e7ak\u015f\u0131rotu k\u00f6k\u00fc, \u0131s\u0131rgan tohumu, kereviz tohumu, civan per\u00e7emi \u00e7i\u00e7e\u011fi, ak g\u00fcnl\u00fck, havu\u00e7 tohumu, turp tohumu, zater, darif\u00fclf\u00fcl, kebabiye, \u015falgam tohumu, \u00fczerlik tohumu, ac\u0131badem, tere tohumu, sinameki yapra\u011f\u0131, arap zamk\u0131, polen, karanfil u\u00e7ucu ya\u011f\u0131, tar\u00e7\u0131n u\u00e7ucu ya\u011f\u0131, meyan k\u00f6k\u00fc, pekmez, \u015feker, glikoz \u015furubu, su, sodyum benzoat e 211, sitrik asit e 330<\/p><p>Saklama Ko\u015fullar\u0131: Serin, kuru ve \u0131\u015f\u0131ktan uzak ortamda a\u011fz\u0131 kapal\u0131 olarak muhafaza ediniz.<\/p><p>Enerji ve Besin \u00d6\u011feleri (100 gram i\u00e7in):<br \/>Enerji:\u00a0 \u00a0 \u00a0 \u00a0 \u00a0 \u00a0 \u00a0 \u00a0 \u00a0 \u00a0 \u00a0 \u00a0 \u00a0 \u00a0 \u00a0 \u00a0 \u00a0 \u00a0 \u00a0 \u00a0 \u00a0 \u00a0 \u00a0 \u00a0 \u00a0 \u00a0 \u00a0 \u00a0 \u00a0328 Kcal<br \/>Ya\u011f:\u00a0 \u00a0 \u00a0 \u00a0 \u00a0 \u00a0 \u00a0 \u00a0 \u00a0 \u00a0 \u00a0 \u00a0 \u00a0 \u00a0 \u00a0 \u00a0 \u00a0 \u00a0 \u00a0 \u00a0 \u00a0 \u00a0 \u00a0 \u00a0 \u00a0 \u00a0 \u00a0 \u00a0 \u00a0 \u00a0 % 0,82<br \/>Doymu\u015f Ya\u011f:\u00a0 \u00a0 \u00a0 \u00a0 \u00a0 \u00a0 \u00a0 \u00a0 \u00a0 \u00a0 \u00a0 \u00a0 \u00a0 \u00a0 \u00a0 \u00a0 \u00a0 \u00a0 \u00a0 \u00a0 \u00a0 \u00a0 0,08 g<br \/>Doymam\u0131\u015f Ya\u011f:\u00a0 \u00a0 \u00a0 \u00a0 \u00a0 \u00a0 \u00a0 \u00a0 \u00a0 \u00a0 \u00a0 \u00a0 \u00a0 \u00a0 \u00a0 \u00a0 \u00a0 \u00a0 \u00a0 \u00a00,74 g<br \/>Tekli Doymam\u0131\u015f Ya\u011f:\u00a0 \u00a0 \u00a0 \u00a0 \u00a0 \u00a0 \u00a0 \u00a0 \u00a0 \u00a0 \u00a0 \u00a0 \u00a0 \u00a0 \u00a0 0,49 g<br \/>\u00c7oklu Doymam\u0131\u015f Ya\u011f:\u00a0 \u00a0 \u00a0 \u00a0 \u00a0 \u00a0 \u00a0 \u00a0 \u00a0 \u00a0 \u00a0 \u00a0 \u00a0 \u00a0 0,25 g<br \/>Trans Ya\u011f Asitleri:\u00a0 \u00a0 \u00a0 \u00a0 \u00a0 \u00a0 \u00a0 \u00a0 \u00a0 \u00a0 \u00a0 \u00a0 \u00a0 \u00a0 \u00a0 \u00a0 \u00a0 \u00a0 0 g<br \/>Karbonhidrat:\u00a0 \u00a0 \u00a0 \u00a0 \u00a0 \u00a0 \u00a0 \u00a0 \u00a0 \u00a0 \u00a0 \u00a0 \u00a0 \u00a0 \u00a0 \u00a0 \u00a0 \u00a0 \u00a0 \u00a0 \u00a0 \u00a079,02 g<br \/>Toplam \u015eeker (Sakkaroz cinsinden):\u00a0 50,04 g<br \/>Diyet Lifi:\u00a0 \u00a0 \u00a0 \u00a0 \u00a0 \u00a0 \u00a0 \u00a0 \u00a0 \u00a0 \u00a0 \u00a0 \u00a0 \u00a0 \u00a0 \u00a0 \u00a0 \u00a0 \u00a0 \u00a0 \u00a0 \u00a0 \u00a0 \u00a0 \u00a0 \u00a0 \u00a00,84 g<br \/>Protein:\u00a0 \u00a0 \u00a0 \u00a0 \u00a0 \u00a0 \u00a0 \u00a0 \u00a0 \u00a0 \u00a0 \u00a0 \u00a0 \u00a0 \u00a0 \u00a0 \u00a0 \u00a0 \u00a0 \u00a0 \u00a0 \u00a0 \u00a0 \u00a0 \u00a0 \u00a0 \u00a0 \u00a00,59 g<br \/>Tuz:\u00a0 \u00a0 \u00a0 \u00a0 \u00a0 \u00a0 \u00a0 \u00a0 \u00a0 \u00a0 \u00a0 \u00a0 \u00a0 \u00a0 \u00a0 \u00a0 \u00a0 \u00a0 \u00a0 \u00a0 \u00a0 \u00a0 \u00a0 \u00a0 \u00a0 \u00a0 \u00a0 \u00a0 \u00a0 \u00a0 \u00a0 0 g<\/p><p>Alerjen Bilgisi: Susam, kereviz tohumu, ac\u0131badem i\u00e7erir. F\u0131nd\u0131k, kabuklu yemi\u015fler, gluten i\u00e7eren tah\u0131llar, ac\u0131bakla, hardal \u00fcretilen hatta \u00fcretilmi\u015ftir. Bu \u00fcr\u00fcnlerden eser miktarda i\u00e7erebilir.<\/p>\t\t\t\t\t\t\t\t<\/div>\n\t\t\t\t<\/div>\n\t\t\t\t\t<\/div>\n\t\t\t\t<\/div>\n\t\t\t\t<\/div>\n\t\t","protected":false},"excerpt":{"rendered":"<p>N\u0130YAZ\u0130 G\u00dcNA\u015eTI MAN\u0130SA MES\u0130R MACUNU<\/p>\n","protected":false},"featured_media":27947,"comment_status":"open","ping_status":"closed","template":"","meta":[],"product_brand":[],"product_cat":[253],"product_tag":[],"class_list":{"0":"post-27945","1":"product","2":"type-product","3":"status-publish","4":"has-post-thumbnail","6":"product_cat-macunlar","8":"first","9":"instock","10":"shipping-taxable","11":"product-type-simple"},"_links":{"self":[{"href":"https:\/\/www.krkgida.com\/index.php?rest_route=\/wp\/v2\/product\/27945","targetHints":{"allow":["GET"]}}],"collection":[{"href":"https:\/\/www.krkgida.com\/index.php?rest_route=\/wp\/v2\/product"}],"about":[{"href":"https:\/\/www.krkgida.com\/index.php?rest_route=\/wp\/v2\/types\/product"}],"replies":[{"embeddable":true,"href":"https:\/\/www.krkgida.com\/index.php?rest_route=%2Fwp%2Fv2%2Fcomments&post=27945"}],"version-history":[{"count":5,"href":"https:\/\/www.krkgida.com\/index.php?rest_route=\/wp\/v2\/product\/27945\/revisions"}],"predecessor-version":[{"id":27954,"href":"https:\/\/www.krkgida.com\/index.php?rest_route=\/wp\/v2\/product\/27945\/revisions\/27954"}],"wp:featuredmedia":[{"embeddable":true,"href":"https:\/\/www.krkgida.com\/index.php?rest_route=\/wp\/v2\/media\/27947"}],"wp:attachment":[{"href":"https:\/\/www.krkgida.com\/index.php?rest_route=%2Fwp%2Fv2%2Fmedia&parent=27945"}],"wp:term":[{"taxonomy":"product_brand","embeddable":true,"href":"https:\/\/www.krkgida.com\/index.php?rest_route=%2Fwp%2Fv2%2Fproduct_brand&post=27945"},{"taxonomy":"product_cat","embeddable":true,"href":"https:\/\/www.krkgida.com\/index.php?rest_route=%2Fwp%2Fv2%2Fproduct_cat&post=27945"},{"taxonomy":"product_tag","embeddable":true,"href":"https:\/\/www.krkgida.com\/index.php?rest_route=%2Fwp%2Fv2%2Fproduct_tag&post=27945"}],"curies":[{"name":"wp","href":"https:\/\/api.w.org\/{rel}","templated":true}]}}